985 prime?
False
Is 68811 a prime number?
False
Is 18829 prime?
False
Is 5965 a composite number?
True
Is 4737 a prime number?
False
Is 30518 composite?
True
Is 4677 a prime number?
False
Is 34433 a composite number?
True
Is 41719 a composite number?
False
Is 637211 a prime number?
False
Is 7501 prime?
False
Is 1343311 composite?
False
Is 7781 prime?
False
Is 39499 prime?
True
Is 67447 a prime number?
True
Is 2388443 a composite number?
False
Is 14867 prime?
True
Is 11717 composite?
False
Is 3261 composite?
True
Is 561781 prime?
False
Is 1787893 prime?
True
Is 25867 prime?
True
Is 15541 prime?
True
Is 24601 prime?
False
Is 39421 a composite number?
True
Is 48133 composite?
True
Is 215567 composite?
True
Is 235583 composite?
True
Is 10474 a prime number?
False
Is 110365 prime?
False
Is 1847 a composite number?
False
Is 1039 a prime number?
True
Is 409 a prime number?
True
Is 663319 a prime number?
True
Is 613699 composite?
False
Is 13157 a prime number?
False
Is 12227 a composite number?
False
Is 222591 a composite number?
True
Is 1303009 prime?
True
Is 17857 a prime number?
False
Is 28993 prime?
False
Is 1322129 prime?
True
Is 28481 composite?
True
Is 218759 composite?
True
Is 8999 a prime number?
True
Is 4321 prime?
False
Is 6079 composite?
False
Is 300343 a prime number?
True
Is 2947 a prime number?
False
Is 39407 a composite number?
True
Is 47041 a composite number?
False
Is 9923 prime?
True
Is 71683 a composite number?
True
Is 1460651 composite?
False
Is 30631 prime?
True
Is 4189 composite?
True
Is 27187 composite?
True
Is 108073 composite?
True
Is 839 a composite number?
False
Is 399457 prime?
False
Is 55691 prime?
True
Is 78413 prime?
False
Is 67211 composite?
False
Is 40787 a prime number?
True
Is 124393 composite?
True
Is 8209 a prime number?
True
Is 12226 prime?
False
Is 11207 a prime number?
False
Is 46203 a composite number?
True
Is 247183 prime?
True
Is 8147 a composite number?
False
Is 124897 a prime number?
True
Is 499729 a composite number?
False
Is 287461 prime?
False
Is 37747 composite?
False
Is 16009 a prime number?
False
Is 40801 composite?
False
Is 29009 a prime number?
True
Is 144847 a prime number?
True
Is 2257069 a prime number?
True
Is 74966 a prime number?
False
Is 11617 a prime number?
True
Is 1626907 prime?
False
Is 912883 prime?
False
Is 5737 composite?
False
Is 479 a prime number?
True
Is 262 composite?
True
Is 261631 a prime number?
True
Is 14698 a prime number?
False
Is 1454 a composite number?
True
Is 668117 prime?
False
Is 143303 a prime number?
False
Is 778 a composite number?
True
Is 329383 composite?
True
Is 1210141 composite?
True
Is 641 a prime number?
True
Is 8999 composite?
False
Is 37157 a composite number?
True
Is 296473 a composite number?
False
Is 13747 prime?
False
Is 1465603 a prime number?
False
Is 83921 a composite number?
False
Is 819527 a prime number?
False
Is 424285 a composite number?
True
Is 65789 a prime number?
True
Is 22147 prime?
True
Is 437 a composite number?
True
Is 3613 composite?
False
Is 2611 a prime number?
False
Is 190457 composite?
True
Is 799 composite?
True
Is 411541 prime?
False
Is 335359 a composite number?
True
Is 1345 a composite number?
True
Is 362821 a composite number?
True
Is 959083 a composite number?
False
Is 521 a prime number?
True
Is 1075577 a composite number?
False
Is 49319 a prime number?
False
Is 351959 a composite number?
False
Is 58013 prime?
True
Is 66319 a composite number?
True
Is 35251 composite?
False
Is 21313 prime?
True
Is 177999 composite?
True
Is 26447 composite?
True
Is 1729591 a composite number?
False
Is 529181 a composite number?
False
Is 38899 composite?
True
Is 2031671 composite?
False
Is 16769 prime?
False
Is 2237 a composite number?
False
Is 5623 composite?
False
Is 7001 prime?
True
Is 27769 a composite number?
True
Is 7991 a prime number?
False
Is 16945 a composite number?
True
Is 77929 composite?
False
Is 609262 composite?
True
Is 10771 a composite number?
False
Is 13367 composite?
False
Is 137699 a composite number?
False
Is 4539989 a prime number?
True
Is 698701 prime?
True
Is 35741 prime?
False
Is 289871 prime?
True
Is 4885 a prime number?
False
Is 95773 prime?
True
Is 9809 a composite number?
True
Is 1102337 a prime number?
True
Is 310633 composite?
True
Is 206743 a composite number?
True
Is 11549 composite?
False
Is 10851 a composite number?
True
Is 64147 prime?
False
Is 1141951 a composite number?
True
Is 1457683 composite?
False
Is 916481 prime?
False
Is 93077 a composite number?
False
Is 1803629 prime?
True
Is 635573 a prime number?
False
Is 96137 a composite number?
False
Is 1040563 prime?
True
Is 3247 a composite number?
True
Is 114017 a composite number?
True
Is 2579 prime?
True
Is 491523 a prime number?
False
Is 63637 composite?
True
Is 1408151 composite?
False
Is 16843 prime?
True
Is 182323 a composite number?
True
Is 14995 a composite number?
True
Is 116891 a composite number?
True
Is 10061 a prime number?
True
Is 647545 a prime number?
False
Is 61729 a prime number?
True
Is 2287 a composite number?
False
Is 35759 a prime number?
True
Is 133979 composite?
False
Is 82891 composite?
False
Is 427565 prime?
False
Is 360089 a prime number?
True
Is 1159021 composite?
True
Is 5255 prime?
False
Is 19937 a prime number?
True
Is 47731 prime?
False
Is 1367383 prime?
True
Is 36737 composite?
True
Is 190109 prime?
False
Is 7603 composite?
False
Is 14667 prime?
False
Is 49091 prime?
False
Is 146123 prime?
False
Is 684751 composite?
False
Is 109457 a composite number?
True
Is 714497 a composite number?
True
Is 60721 a prime number?
False
Is 59833 prime?
True
Is 3833 a composite number?
False
Is 76166 prime?
False
Is 239 a prime number?
True
Is 123581 composite?
False
Is 21734 prime?
False
Is 80009 a composite number?
True
Is 6038 prime?
False
Is 406279 a prime number?
False
Is 315349 prime?
True
Is 196331 a prime number?
True
Is 21139 prime?
True
Is 108235 composite?
True
Is 2757499 composite?
True
Is 451381 a composite number?
True
Is 133337 composite?
False
Is 1095773 a composite number?
True
Is 51859 a prime number?
True
Is 118981 a prime number?
False
Is 395983 prime?
False
Is 407003 prime?
False
Is 140313 composite?
True
Is 11114 composite?
True
Is 1709029 a prime number?
False
Is 129911 a composite number?
True
Is 23399 a composite number?
False
Is 230977 a prime number?
True
Is 83773 a composite number?
False
Is 762101 a composite number?
False
Is 21001 a composite number?
False
Is 160903 a prime number?
True
Is 3359 prime?
True
Is 12929 prime?
False
Is 1829 a composite number?
True
Is 129379 composite?
False
Is 21059 composite?
False
Is 12451 composite?
False
Is 144719 a prime number?
True
Is 856237 a composite number?
False
Is 18617 composite?
False
Is 164005 a composite number?
True
Is 246119 composite?
False
Is 10949 a prime number?
True
Is 2333 prime?
True
Is 39659 composite?
False
Is 73781 prime?
False
Is 19903 prime?
False
Is 803 prime?
False
Is 291 composite?
True
Is 22843 a prime number?
False
Is 153689 a composite number?
False
Is 4751 a composite number?
False
Is 40019 composite?
True
Is 75859 composite?
True
Is 93307 a prime number?
True
Is 15935 prime?
False
Is 249941 composite?
True
Is 242863 composite?
False
Is 20906 a composite number?
True
Is 16259 prime?
False
Is 10393 prime?
False
Is 72613 prime?
True
Is 440009 prime?
True
Is 231467 a prime number?
False
Is 145049 a prime number?
False
Is 973469 prime?
False
Is 127157 a prime number?
True
Is 728353 a composite number?
True
Is 16147 composite?
True
Is 179161 a composite number?
False
Is 160309 a composite number?
False
Is 177979 a prime number?
True
Is 91789 a prime number?
False
Is 4463 prime?
True
Is 1973 prime?
True
Is 7771 prime?
False
Is 82339 a prime number?
True
Is 204069 composite?
True
Is 21959 prime?
False
Is 234713 prime?
True
Is 267265 a prime number?
False
Is 4709 composite?
True
Is 3313 composite?
False
Is 9469 a prime number?
False
Is 52321 prime?
True
Is 3037 prime?
True
Is 20663 prime?
True
Is 7571 prime?
False
Is 110969 a composite number?
False
Is 12895 a composite number?
True
Is 11243 a composite number?
False
Is 4583 composite?
False
Is 389633 a prime number?
False
Is 185974 a prime number?
False
Is 559901 a composite number?
False
Is 236